Suppose 2 - 13 = -3*a - z, 21 = 5*a + z. Suppose d = -a + 11. Let o(s) = -s**3 + 6*s**2 + 2*s + 4. List the prime factors of o(d).
2
Let z = 54 - 40. What are the prime factors of z?
2, 7
Let y be ((-4)/(-2))/6*6. Let c be 10 - -2*y/4. Suppose u + 0*u - c = 0. List the prime factors of u.
11
Suppose 3*i + 0*o = -2*o + 321, -2*o + 539 = 5*i. List the prime factors of i.
109
Let c = -228 - -324. Let b = c + -58. List the prime factors of b.
2, 19
What are the prime factors of -3*5/15 - -65?
2
Let f(v) = -8*v**2 + v + 3. Let q(z) = 16*z**2 - 2*z - 7. Let s(r) = -7*f(r) - 3*q(r). What are the prime factors of s(2)?
2, 3, 5
Let k(d) = -1. Let i(g) = 11*g + 3. Let b(x) = -i(x) - 2*k(x). List the prime factors of b(-1).
2, 5
Let u(q) = -q + 40. List the prime factors of u(4).
2, 3
Let s = 10 + -22. Let w be ((-16)/(-3))/((-4)/s). Suppose -a + p = -7, -2*p + w = a + 3*a. List the prime factors of a.
5
Let w = 15 + -27. Let x be (-2)/8 - 267/w. Suppose -2*u + 0*u + x = 0. What are the prime factors of u?
11
Let h(x) = x**2 + 3*x - 3. Let y be (2 + (1 - -4))/(-1). Let n be h(y). Suppose 4*a - 9*a + n = 0. List the prime factors of a.
5
Let j = -1 + 1. Suppose j*y - 4*y = d + 1, d - 5*y = -10. List the prime factors of (-3)/d + 154/10.
2
Let c(j) = -j**2 + 7*j - 5. Let f be (8 - (2 + -1))*-6. Let a be 2/(-8) + f/(-8). What are the prime factors of c(a)?
5
Let n = -121 - -48. Let z = -51 - n. What are the prime factors of z?
2, 11
Suppose -5*y = p - 115, -3*p - 58 = -2*y - p. List the prime factors of y.
2, 3
Suppose -f + 3*t = t - 164, -4*f - t + 638 = 0. Suppose 5*l - f = l. Suppose -3*y - y + l = 0. What are the prime factors of y?
2, 5
Let j = 21 + -30. Let o = 14 + j. What are the prime factors of o?
5
List the prime factors of -6*7/((-63)/30).
2, 5
Let r(j) = j - 15. Let k be r(7). Let b = -12 - k. Let h = -1 - b. List the prime factors of h.
3
Let l be 4/(-14) - 2/(-7). Suppose -72 = -4*k - 4*m, l = 5*k - 2*m - m - 98. List the prime factors of k.
19
Let g = 2 - 0. List the prime factors of 5/(5/g) + 11.
13
Suppose -3*a + 9*a - 240 = 0. List the prime factors of a.
2, 5
Suppose -3*a = -m + 57, 0*m - m + 50 = 4*a. Suppose 4*l = -2*z + m, -2*z - 3*z - 34 = -3*l. Let n = l - 5. What are the prime factors of n?
2
Let k = -2 - -16. List the prime factors of k.
2, 7
What are the prime factors of 4/4*31 + -3?
2, 7
Let r(w) = -w**3 - 3*w**2 - 2*w. Let s be r(-2). Suppose -3*d + 52 = 4*q, 0*d + 5*d = s. Suppose 23 = 2*g - q. List the prime factors of g.
2, 3
Suppose 5*v = -0*v + 15. Let x(j) = -j + 2. Let k be x(v). List the prime factors of k/1*10/(-1).
2, 5
Let w(i) = -i**3 - 13*i**2 - 25*i + 13. List the prime factors of w(-12).
13
List the prime factors of (-28)/6*(6 + -9).
2, 7
Let r be (-4)/10 + 86/(-10). Let f = r - -6. Let j = 3 - f. List the prime factors of j.
2, 3
Let r be (-12)/10*10/(-2). Let j(w) = -w**2 + 8*w - 8. What are the prime factors of j(r)?
2
Suppose -4 = -2*y - 0. Suppose 132 = -y*d + 5*d. List the prime factors of d.
2, 11
Suppose -p = 5*y - 72, 0*p = -2*p - y + 108. List the prime factors of p/6*6/4.
13
Let s be 2/11 + 341/121. Let l = 30 - s. What are the prime factors of l?
3
Suppose 4*j - j = 81. List the prime factors of j.
3
Let d(k) = 13*k**2 + k - 2. List the prime factors of d(-2).
2, 3
Let r(d) be the first derivative of d**3/3 - 5*d**2 + 11*d - 1. What are the prime factors of r(11)?
2, 11
Let j(r) = -r**3 - r - 3. Suppose -v = 4*v + 15. List the prime factors of j(v).
3
Let h(y) = -y**2 - 4*y. Let b be h(-4). Suppose 5*o + b*o - 225 = 0. Suppose -33 = -5*p + 5*x - 8, -3*p = 3*x - o. What are the prime factors of p?
2, 5
Let c(a) = -2*a + 2 - 2*a + 2*a + 0. Let k = 7 - 11. List the prime factors of c(k).
2, 5
Suppose -4*q = -7*n + 2*n + 87, -4*n = -q - 74. List the prime factors of n.
19
Let w = 187 + -125. What are the prime factors of w?
2, 31
Suppose -869 = -2*b - 9*b. What are the prime factors of b?
79
Let d be 3 + -1 + 5/1. Let o = 12 - d. What are the prime factors of o?
5
Suppose v = 4*q - 15, 3*q + 4*v - 21 - 14 = 0. Suppose q + 13 = 2*f - 2*a, -2*f + 9 = a. List the prime factors of f.
2, 3
Let g = -1 + -5. List the prime factors of (-4 - 0)*(2 + g).
2
Let l(f) = f - 5. Let h be l(5). Suppose -2*j = -5*z + 109, h = z + 2*z + 5*j - 53. What are the prime factors of z?
3, 7
Suppose 0 = -5*n + 221 + 79. Suppose -6*a + a - n = 0. Let w(d) = d + 21. List the prime factors of w(a).
3
Suppose -5*l - 6*y + 15 = -4*y, -2*l = 3*y - 6. List the prime factors of (-2 - l)/(0 - 1).
5
Let p(v) be the first derivative of 2*v**2 + 2*v**3 + 1/4*v**4 - 1 + 2*v. List the prime factors of p(-2).
2, 5
Let r(a) = -6*a + 1 - 4 + a**2 - 1. Let o be r(7). Suppose v = o*v - 10. What are the prime factors of v?
5
Let x(o) = 28*o + 24. Let v(a) = -a - 1. Let s(l) = 24*v(l) + x(l). List the prime factors of s(1).
2
Let n(v) = v**2 - 3*v - 2. Let m be n(4). List the prime factors of m/(-5) + (-235)/(-25).
3
Let c(s) = -s**2 + 12*s + 1. Let t be 1/(-4) + 29/4. What are the prime factors of c(t)?
2, 3
Let n = 0 + 3. What are the prime factors of 36 - (3 + -3 + n)?
3, 11
Let k = -551 - -878. List the prime factors of k.
3, 109
Suppose -4*l = 0, -2*v + 2*l + 12 = -l. Suppose -4*g = -v*g + 28. What are the prime factors of g?
2, 7
Suppose -6*g = -3*g - 72. Suppose 2*n - n - 5*z = -24, -2*n = -2*z + g. Let d = n + 12. What are the prime factors of d?
3
Let q be -2 + 0 + 1 - -9. Suppose 3*x - q*x = -10. Suppose x*y = -y + 18. What are the prime factors of y?
2, 3
Let g = 26 - 16. Let b = g - 6. Suppose -5*l + 9 = b*x - 31, -5*x = 0. What are the prime factors of l?
2
Let b be (0 + -12)*1/(-2). Let r = b - 3. What are the prime factors of 12 + 1 + (-9)/r?
2, 5
Let p be (6/4)/((-2)/4). What are the prime factors of (p - -2)/((-1)/10)?
2, 5
Suppose -5*c + 10*c = 265. List the prime factors of c.
53
Let c = -71 - -102. List the prime factors of c.
31
Suppose 746 - 8 = 9*a. List the prime factors of a.
2, 41
Let i(l) = 0*l - 6 + 3*l - 2*l. Suppose -26 + 2 = -3*s. List the prime factors of i(s).
2
Let f(j) = j**2 + 2*j + 1. Let i be f(-3). What are the prime factors of -21*(39/(-9) + i)?
7
List the prime factors of -16*(-67 + 2)/5.
2, 13
Let y be (-14)/91 + (-102)/13. Let v(k) = -4*k**2 + 7*k**2 - 2*k**2 + 9*k + 10. List the prime factors of v(y).
2
Let r(y) = y + 3. Let o be r(0). Let l(g) = 3*g + 4. What are the prime factors of l(o)?
13
Let q = 7 - -59. What are the prime factors of q?
2, 3, 11
Suppose u = n + 3, -2*u + 3 = -u + 4*n. Suppose -2*r - 3*k + 3 = -0*r, 0 = -3*k - u. What are the prime factors of r?
3
Suppose -3*u = c + u - 39, u - 3 = 0. Suppose -1 = 4*v + 2*l + 1, -4*v - c = -3*l. Let y = 7 + v. List the prime factors of y.
2
Suppose -4*b = -3*s - 32 + 638, 0 = 3*s - 2*b - 612. What are the prime factors of s?
2, 103
What are the prime factors of 3/3 + -4 + 115 - -2?
2, 3, 19
What are the prime factors of 6/(-4) - 8328/(-48)?
2, 43
Let v = 4 + -13. Let y = 3 - v. What are the prime factors of y?
2, 3
Suppose 4*a - 2*z = 27 + 57, 2*a = -3*z + 34. What are the prime factors of a/(-70) + 191/7?
3
What are the prime factors of 3 - 4 - (3 + (-204 - 2))?
2, 101
Let k(q) = q**3 - 3*q**2 - 3*q - 2. Let t(l) = -l**2 + 6*l + 3. Let y be t(7). Let s = y - -8. What are the prime factors of k(s)?
2
Suppose 0 = 3*v + v - 8. Suppose 4*g = -w + 8, 0 = -0*g - g - 5*w + 2. Suppose v*p - 23 = 5*x, 5*x = -13 - g. What are the prime factors of p?
2
Let h = -2 + 6. Let r = h - -2. What are the prime factors of r?
2, 3
Suppose -3*g + 312 = 4*w, -3*g + 5*w = -5*g + 201. List the prime factors of g.
2, 3
Let c(a) = 32*a**2 - a. Let b be c(1). Let x = b - 19. What are the prime factors of x?
2, 3
Suppose -p = -4*o - 3*p - 170, 0 = -5*o + 3*p - 207. Let j be (2/1)/(-1) - o. Suppose g + j = 5*g. What are the prime factors of g?
2, 5
Suppose 5 = -9*a + 131. List the prime factors of a.
2, 7
Let c(z) = z**2 + 2*z - 4. Let a be (-5)/1*(-4)/(-5). List the prime factors of c(a).
2
Let j = 91 + -33. List the prime factors of j.
2, 29
Let s = 0 - -2. Suppose -3*n - 5*d + 7 = 0, -2*n + 3 = 3*d - s. List the prime factors of n.
2
Suppose 399 = 16*y - 481. List the prime factors of y.
5, 11
Let u(d) = d**3 + 20*d**2 - 5*d - 39. What are the prime factors of u(-20)?
61
Le